57. Calculate the greatest common divisor of 10 and t.
10
Let f be (2/(-1) - -4)*1. Suppose t - 40 = -88*h + 87*h, 2*h - 84 = -4*t. Calculate the highest common factor of h and f.
2
Let r(k) = k - 12. Suppose 8*d = 3*d + 90. Let x be r(d). Suppose 4*t = t + 9. What is the greatest common divisor of x and t?
3
Let w(p) = p**2 + 3*p + 12. Let o be w(-5). Let n = 31 - o. Calculate the highest common factor of 81 and n.
9
Let j = 43 + -6. Let i = j - 36. What is the highest common divisor of 1 and i?
1
Suppose 0*f + 4*f = 12. Suppose 3*i = h - 45, -8 - 199 = -4*h + 3*i. Suppose -m - m + 84 = 2*n, f*m + h = n. What is the greatest common factor of n and 18?
9
Suppose 12*k + 80 = 1052. What is the highest common factor of 261 and k?
9
Let o(c) = -c**3 + 7*c**2 + 5*c + 4. Let t be o(5). What is the greatest common divisor of 553 and t?
79
Let u = -58 - -18. Let p = -31 - u. What is the highest common divisor of 1 and p?
1
Let c(a) = 70*a**2 + 2*a + 1. Let p be c(-1). Let v = 119 - p. Calculate the highest common divisor of v and 25.
25
Let t be ((-9)/27)/((-1)/(-6))*-2. Calculate the highest common divisor of 34 and t.
2
Let a be (-92)/(-6)*((-602)/(-28) + -14). Calculate the greatest common divisor of 92 and a.
23
Suppose a + 15 = 6*a. Let t = -3 + 3. Suppose a*z + 5*n + 11 = t, z - 2*n - 3 - 8 = 0. Calculate the greatest common factor of 3 and z.
3
Let p = -721 + 745. What is the highest common divisor of p and 88?
8
Suppose 2*b = -w + 982, 2*b - 8*w = -13*w + 974. What is the highest common divisor of b and 41?
41
Suppose 0*b - 4*b + 95 = 5*v, -3*b - 3*v + 72 = 0. Suppose s - b = h, -3*s - s + h + 103 = 0. Calculate the highest common factor of s and 286.
26
Let c(h) = -h**3 - 10*h**2 - h + 8. Let t be c(-10). Let i = 31 - t. Let y = -20 - -33. What is the highest common divisor of i and y?
13
Suppose -4*r - 44 = -152. Let v be (-31)/(-11) - 2/(-11). Suppose -4*q = -f - 216, 205 = v*q + 4*f + 43. What is the greatest common divisor of r and q?
27
Let v be (-2 + -1)/(9/24). Let f be (-132)/(-12) - v/(-2). Suppose -8*x + f*x + 56 = 0. What is the highest common factor of x and 8?
8
Suppose -10*g = 17 - 567. Let y = 3 - 1. Suppose 0 = -y*q + 4 + 6. Calculate the greatest common factor of q and g.
5
Let u be (-2)/13 + 123/39. Let t be (-4)/(16/(-228)) + u. Let h be ((-320)/t)/(2/(-3)). What is the greatest common factor of h and 20?
4
Suppose -2*z = -7*z - 30. Let j = 20 - z. Let r be (10/3)/((-6)/(-234)). What is the highest common divisor of r and j?
26
Let u = -19 - -195. Let z be ((-24)/(-10))/((-123)/(-820)). What is the greatest common factor of u and z?
16
Suppose -2*a + 94 - 26 = 0. Calculate the highest common divisor of a and 544.
34
Let a(t) = 13*t - 8. Let m be a(11). Calculate the highest common divisor of 5 and m.
5
Suppose 4*w - 1 = 11. Suppose 2*f = -f. Suppose 4*r = -f*r + 60. What is the highest common factor of r and w?
3
Let i(n) = n**3 + 3*n**2 + 4. Let g be i(-3). Let q(u) = u**3 - 75*u**2 + 149*u - 209. Let j be q(73). What is the greatest common factor of g and j?
2
Let a = 245 + -61. Calculate the greatest common divisor of 1012 and a.
92
Let s be 2/39 + 50837/1131. Calculate the highest common factor of 435 and s.
15
Let p(v) = 8*v - 5. Let n(g) = -g**2 - g - 5. Let f be n(0). Let c = f + 7. Let o be p(c). What is the highest common factor of o and 99?
11
Suppose -2*w = 3*w - 85. Suppose 0 = -2*g + 9 + 25. What is the highest common factor of g and w?
17
Let z be (-5)/((-100)/9932) + 20/50. What is the highest common factor of z and 71?
71
Suppose 8*w - 3*w - 40 = 0. Let u be (((-80)/(-6))/5)/(22/99). Calculate the highest common divisor of w and u.
4
Let v = 114 - 69. Calculate the highest common factor of 15 and v.
15
Suppose -9*j = -133 - 47. Let d = 13 - 18. Let s = d - -13. Calculate the highest common factor of j and s.
4
Suppose -s + 0*x = 5*x - 1517, 3*x = 3. Suppose 0 = 9*m - m - s. What is the greatest common factor of m and 27?
27
Suppose 5*r = -m + 4, -2*m + 3*r + 8 = -0*m. Suppose -6*c + 8 = -m. Calculate the greatest common divisor of c and 22.
2
Let g(w) = -w - 1. Let i be g(6). Let m be (i - -9) + 18/2. Let j be 4/(-12)*3*-1. Calculate the highest common factor of m and j.
1
Let n = -18 - -20. Suppose 5*u = -3*b + 33, -2*u + 3*u + n*b - 8 = 0. Suppose -2*t - 28 = -u*t. Calculate the greatest common factor of 56 and t.
7
Let z be -2 + (-48)/(-15)*(-5)/(-2). Let v be z*2 + 10/5 + -1. What is the highest common factor of v and 143?
13
Let x be 16 - ((-161)/35 + 2/(-5)). What is the greatest common divisor of x and 399?
21
Suppose 0 = -2*d + 4*d + 30. Let c be (-230)/d - (-4)/(-3). Let s be 2 + 4*(c - 0). What is the greatest common factor of 87 and s?
29
Suppose -6*s = -3587 - 1105. Calculate the greatest common divisor of s and 92.
46
Suppose -62 = t - 71. Calculate the highest common divisor of 63 and t.
9
Let h(b) = -76*b - 656. Let j be h(-12). Let t be (-1)/3 + (-86)/(-6). Suppose -10*i = -t*i + j. Calculate the highest common factor of 16 and i.
16
Suppose -2*y + 2*v = -0*v - 164, y = 3*v + 76. Calculate the highest common divisor of y and 102.
17
Let f = -13 + 21. Suppose -5*y - 5*b = -95, -100*b + 96*b + 28 = 2*y. What is the highest common factor of f and y?
8
Suppose 0*m - 3*r - 72 = 2*m, 2*r = 2*m + 62. Let i = m - -31. Let f = 1 - i. What is the highest common factor of 6 and f?
3
Let r = -34 + 29. Let p(t) = -2*t**2 - 7*t + 1. Let m be p(r). Let s = m - -39. Calculate the greatest common factor of s and 75.
25
Let c = 757 - 549. Calculate the greatest common divisor of 312 and c.
104
Let y = 1 - -1. Suppose 2*r - y = r. Suppose 0 = 5*q + 2*a + r*a - 5, q = -4*a - 15. What is the greatest common divisor of 1 and q?
1
Let z = -216 - -236. Suppose q = 5*b - 48, b - 2 = 4*q - 0. Calculate the highest common factor of z and b.
10
Let w = -251 + 344. Calculate the greatest common factor of w and 31.
31
Suppose 4 = -2*k + 3*y, 4*k - 2*k + y = 12. Suppose -3*z + 2*n + 160 = 0, 5*n - n - 240 = -k*z. Calculate the greatest common divisor of z and 7.
7
Let o(p) = 79*p + 1. Let k be o(2). Let n = -111 - -190. Let d = k - n. What is the highest common divisor of d and 10?
10
Let l = 85 - 82. Calculate the highest common factor of l and 93.
3
Suppose -12*t + 195 = -11*t. What is the highest common factor of 30 and t?
15
Suppose -2*n = -5*o - 121, 3*n - 155 = 3*o + 22. Calculate the highest common factor of 754 and n.
58
Let n(q) = 5*q - 15. Let g(k) = k - 9. Let w be g(15). Let j be n(w). Let a be (-26)/(-2) + (-7)/(7/3). What is the greatest common factor of j and a?
5
Suppose -5*k = -2394 - 846. What is the highest common divisor of 60 and k?
12
Let m(t) = 48*t + 544. Let l be m(-11). Let n be (-176)/6*(0 + -6). Calculate the greatest common divisor of l and n.
16
Let q(p) = 14*p**2 + 2*p. Let k be q(2). Let n be ((-9)/((-27)/k))/2. Calculate the greatest common divisor of n and 110.
10
Let s = -63 - -62. Let b(o) = -79*o**3 - 3*o - 2. Let d be b(s). What is the greatest common factor of 16 and d?
16
Let c = 237 - 387. Let y = c - -172. Calculate the highest common factor of y and 22.
22
Let z(q) = -5*q**2 - 55*q + 15. Let t be z(-11). What is the highest common divisor of 165 and t?
15
Let j be 55396/198 - (-1)/((-9)/(-2)). What is the highest common factor of 60 and j?
20
Let y(m) = 24*m**2 + m + 1. Let r be y(-1). Suppose 299 + 640 = 3*i. Suppose 4*u = -25 + i. Calculate the highest common factor of r and u.
24
Suppose 7 = -i + 128. Suppose 0 = -q + y + y + 13, 0 = -q - 2*y + 9. What is the highest common divisor of q and i?
11
Let b = -57 + 134. Suppose 2*k = -2*k + 44. What is the greatest common divisor of b and k?
11
Let c(l) = -l**2 + 9*l + 10. Suppose -15*x + 11*x = -32. Let r be c(x). Calculate the highest common factor of r and 12.
6
Suppose -2*c + 111 = -5*r + 26, 0 = 5*c - 3*r - 241. Let f = -552 - -562. What is the greatest common divisor of c and f?
10
Let d(n) = -n**2 - 15*n + 4. Suppose 40 = -0*v - 4*v. Let y = v + -2. Let p be d(y). Calculate the highest common divisor of 10 and p.
10
Let r(c) = c**2 + 8*c + 1. Let q be r(-9). Let z = -3 + q. Let v(x) = -x + 8. Let j be v(z). What is the highest common factor of j and 7?
1
Suppose -76*x = -77*x + 540. What is the highest common divisor of 